{"id":1922,"date":"2024-06-11T03:14:15","date_gmt":"2024-06-11T03:14:15","guid":{"rendered":"https:\/\/www.isablustore.com\/?post_type=product&#038;p=1922"},"modified":"2025-01-20T20:55:32","modified_gmt":"2025-01-20T20:55:32","slug":"gorro-david-para-nino-recien-nacido","status":"publish","type":"product","link":"https:\/\/www.isablustore.com\/?product=gorro-david-para-nino-recien-nacido","title":{"rendered":"Gorro David para ni\u00f1o recien nacido"},"content":{"rendered":"<p>Gorro David para ni\u00f1o recien nacido<\/p>\n<p>Caracter\u00edsticas:<\/p>\n<ul>\n<li>Estampado de\u00a0 video juegos<\/li>\n<li>Color azul rey<\/li>\n<li>En tela<\/li>\n<\/ul>\n","protected":false},"excerpt":{"rendered":"<p>Gorro David para ni\u00f1o recien nacido Caracter\u00edsticas: Estampado de\u00a0 video juegos Color azul rey En tela<\/p>\n","protected":false},"author":1,"featured_media":2687,"comment_status":"closed","ping_status":"closed","template":"","meta":{"ub_ctt_via":"","advgb_blocks_editor_width":"","advgb_blocks_columns_visual_guide":"","site-sidebar-layout":"default","site-content-layout":"","ast-site-content-layout":"default","site-content-style":"default","site-sidebar-style":"default","ast-global-header-display":"","ast-banner-title-visibility":"","ast-main-header-display":"","ast-hfb-above-header-display":"","ast-hfb-below-header-display":"","ast-hfb-mobile-header-display":"","site-post-title":"","ast-breadcrumbs-content":"","ast-featured-img":"","footer-sml-layout":"","theme-transparent-header-meta":"default","adv-header-id-meta":"","stick-header-meta":"","header-above-stick-meta":"","header-main-stick-meta":"","header-below-stick-meta":"","astra-migrate-meta-layouts":"set","ast-page-background-enabled":"default","ast-page-background-meta":{"desktop":{"background-color":"var(--ast-global-color-4)","background-image":"","background-repeat":"repeat","background-position":"center center","background-size":"auto","background-attachment":"scroll","background-type":"","background-media":"","overlay-type":"","overlay-color":"","overlay-opacity":"","overlay-gradient":""},"tablet":{"background-color":"","background-image":"","background-repeat":"repeat","background-position":"center center","background-size":"auto","background-attachment":"scroll","background-type":"","background-media":"","overlay-type":"","overlay-color":"","overlay-opacity":"","overlay-gradient":""},"mobile":{"background-color":"","background-image":"","background-repeat":"repeat","background-position":"center center","background-size":"auto","background-attachment":"scroll","background-type":"","background-media":"","overlay-type":"","overlay-color":"","overlay-opacity":"","overlay-gradient":""}},"ast-content-background-meta":{"desktop":{"background-color":"var(--ast-global-color-5)","background-image":"","background-repeat":"repeat","background-position":"center center","background-size":"auto","background-attachment":"scroll","background-type":"","background-media":"","overlay-type":"","overlay-color":"","overlay-opacity":"","overlay-gradient":""},"tablet":{"background-color":"var(--ast-global-color-5)","background-image":"","background-repeat":"repeat","background-position":"center center","background-size":"auto","background-attachment":"scroll","background-type":"","background-media":"","overlay-type":"","overlay-color":"","overlay-opacity":"","overlay-gradient":""},"mobile":{"background-color":"var(--ast-global-color-5)","background-image":"","background-repeat":"repeat","background-position":"center center","background-size":"auto","background-attachment":"scroll","background-type":"","background-media":"","overlay-type":"","overlay-color":"","overlay-opacity":"","overlay-gradient":""}}},"product_brand":[],"product_cat":[144,54,151,22],"product_tag":[],"class_list":{"0":"post-1922","1":"product","2":"type-product","3":"status-publish","4":"has-post-thumbnail","6":"product_cat-bebe","7":"product_cat-gorros","8":"product_cat-rebajas-bebe","9":"product_cat-turbantes","10":"desktop-align-left","11":"tablet-align-left","12":"mobile-align-left","14":"first","15":"instock","16":"sale","17":"shipping-taxable","18":"purchasable","19":"product-type-simple"},"yoast_head":"<!-- This site is optimized with the Yoast SEO plugin v25.6 - https:\/\/yoast.com\/wordpress\/plugins\/seo\/ -->\n<title>Gorro David para ni\u00f1o recien nacido - isablustore - Accesorios para ni\u00f1os<\/title>\n<meta name=\"description\" content=\"Gorro para ni\u00f1os recien nacidos con dise\u00f1os unicos - isablustore - gorros - Accesorios para ni\u00f1os - beb\u00e9 ni\u00f1o - isablustore\" \/>\n<meta name=\"robots\" content=\"index, follow, max-snippet:-1, max-image-preview:large, max-video-preview:-1\" \/>\n<link rel=\"canonical\" href=\"https:\/\/www.isablustore.com\/?product=gorro-david-para-nino-recien-nacido\" \/>\n<meta property=\"og:locale\" content=\"es_ES\" \/>\n<meta property=\"og:type\" content=\"article\" \/>\n<meta property=\"og:title\" content=\"Gorro David para ni\u00f1o recien nacido - isablustore - Accesorios para ni\u00f1os\" \/>\n<meta property=\"og:description\" content=\"Gorro para ni\u00f1os recien nacidos con dise\u00f1os unicos - isablustore - gorros - Accesorios para ni\u00f1os - beb\u00e9 ni\u00f1o - isablustore\" \/>\n<meta property=\"og:url\" content=\"https:\/\/www.isablustore.com\/?product=gorro-david-para-nino-recien-nacido\" \/>\n<meta property=\"og:site_name\" content=\"isablustore\" \/>\n<meta property=\"article:publisher\" content=\"https:\/\/www.facebook.com\/isablustore\/\" \/>\n<meta property=\"article:modified_time\" content=\"2025-01-20T20:55:32+00:00\" \/>\n<meta property=\"og:image\" content=\"https:\/\/i0.wp.com\/www.isablustore.com\/wp-content\/uploads\/2024\/06\/post-de-instagram-2024-06-17T110355.369.png?fit=1080%2C1080&ssl=1\" \/>\n\t<meta property=\"og:image:width\" content=\"1080\" \/>\n\t<meta property=\"og:image:height\" content=\"1080\" \/>\n\t<meta property=\"og:image:type\" content=\"image\/png\" \/>\n<meta name=\"twitter:card\" content=\"summary_large_image\" \/>\n<meta name=\"twitter:label1\" content=\"Tiempo de lectura\" \/>\n\t<meta name=\"twitter:data1\" content=\"1 minuto\" \/>\n<script type=\"application\/ld+json\" class=\"yoast-schema-graph\">{\"@context\":\"https:\/\/schema.org\",\"@graph\":[{\"@type\":\"WebPage\",\"@id\":\"https:\/\/www.isablustore.com\/?product=gorro-david-para-nino-recien-nacido\",\"url\":\"https:\/\/www.isablustore.com\/?product=gorro-david-para-nino-recien-nacido\",\"name\":\"Gorro David para ni\u00f1o recien nacido - isablustore - Accesorios para ni\u00f1os\",\"isPartOf\":{\"@id\":\"https:\/\/www.isablustore.com\/#website\"},\"primaryImageOfPage\":{\"@id\":\"https:\/\/www.isablustore.com\/?product=gorro-david-para-nino-recien-nacido#primaryimage\"},\"image\":{\"@id\":\"https:\/\/www.isablustore.com\/?product=gorro-david-para-nino-recien-nacido#primaryimage\"},\"thumbnailUrl\":\"https:\/\/i0.wp.com\/www.isablustore.com\/wp-content\/uploads\/2024\/06\/post-de-instagram-2024-06-17T110355.369.png?fit=1080%2C1080&ssl=1\",\"datePublished\":\"2024-06-11T03:14:15+00:00\",\"dateModified\":\"2025-01-20T20:55:32+00:00\",\"description\":\"Gorro para ni\u00f1os recien nacidos con dise\u00f1os unicos - isablustore - gorros - Accesorios para ni\u00f1os - beb\u00e9 ni\u00f1o - isablustore\",\"breadcrumb\":{\"@id\":\"https:\/\/www.isablustore.com\/?product=gorro-david-para-nino-recien-nacido#breadcrumb\"},\"inLanguage\":\"es-CO\",\"potentialAction\":[{\"@type\":\"ReadAction\",\"target\":[\"https:\/\/www.isablustore.com\/?product=gorro-david-para-nino-recien-nacido\"]}]},{\"@type\":\"ImageObject\",\"inLanguage\":\"es-CO\",\"@id\":\"https:\/\/www.isablustore.com\/?product=gorro-david-para-nino-recien-nacido#primaryimage\",\"url\":\"https:\/\/i0.wp.com\/www.isablustore.com\/wp-content\/uploads\/2024\/06\/post-de-instagram-2024-06-17T110355.369.png?fit=1080%2C1080&ssl=1\",\"contentUrl\":\"https:\/\/i0.wp.com\/www.isablustore.com\/wp-content\/uploads\/2024\/06\/post-de-instagram-2024-06-17T110355.369.png?fit=1080%2C1080&ssl=1\",\"width\":1080,\"height\":1080,\"caption\":\"Gorros\"},{\"@type\":\"BreadcrumbList\",\"@id\":\"https:\/\/www.isablustore.com\/?product=gorro-david-para-nino-recien-nacido#breadcrumb\",\"itemListElement\":[{\"@type\":\"ListItem\",\"position\":1,\"name\":\"Inicio\",\"item\":\"https:\/\/www.isablustore.com\/\"},{\"@type\":\"ListItem\",\"position\":2,\"name\":\"Tienda\",\"item\":\"https:\/\/www.isablustore.com\/?page_id=8\"},{\"@type\":\"ListItem\",\"position\":3,\"name\":\"Gorro David para ni\u00f1o recien nacido\"}]},{\"@type\":\"WebSite\",\"@id\":\"https:\/\/www.isablustore.com\/#website\",\"url\":\"https:\/\/www.isablustore.com\/\",\"name\":\"isablustore- accesorios para ni\u00f1as\",\"description\":\"Accesorios \u00fanicos, disponibles en nuestra tienda virtual\",\"publisher\":{\"@id\":\"https:\/\/www.isablustore.com\/#organization\"},\"potentialAction\":[{\"@type\":\"SearchAction\",\"target\":{\"@type\":\"EntryPoint\",\"urlTemplate\":\"https:\/\/www.isablustore.com\/?s={search_term_string}\"},\"query-input\":{\"@type\":\"PropertyValueSpecification\",\"valueRequired\":true,\"valueName\":\"search_term_string\"}}],\"inLanguage\":\"es-CO\"},{\"@type\":\"Organization\",\"@id\":\"https:\/\/www.isablustore.com\/#organization\",\"name\":\"isablustore\",\"url\":\"https:\/\/www.isablustore.com\/\",\"logo\":{\"@type\":\"ImageObject\",\"inLanguage\":\"es-CO\",\"@id\":\"https:\/\/www.isablustore.com\/#\/schema\/logo\/image\/\",\"url\":\"https:\/\/www.isablustore.com\/wp-content\/uploads\/2024\/06\/LOGO-1.png\",\"contentUrl\":\"https:\/\/www.isablustore.com\/wp-content\/uploads\/2024\/06\/LOGO-1.png\",\"width\":1080,\"height\":1080,\"caption\":\"isablustore\"},\"image\":{\"@id\":\"https:\/\/www.isablustore.com\/#\/schema\/logo\/image\/\"},\"sameAs\":[\"https:\/\/www.facebook.com\/isablustore\/\",\"https:\/\/www.tiktok.com\/@isablustore\",\"https:\/\/www.instagram.com\/isablustore\/\"]}]}<\/script>\n<!-- \/ Yoast SEO plugin. -->","yoast_head_json":{"title":"Gorro David para ni\u00f1o recien nacido - isablustore - Accesorios para ni\u00f1os","description":"Gorro para ni\u00f1os recien nacidos con dise\u00f1os unicos - isablustore - gorros - Accesorios para ni\u00f1os - beb\u00e9 ni\u00f1o - isablustore","robots":{"index":"index","follow":"follow","max-snippet":"max-snippet:-1","max-image-preview":"max-image-preview:large","max-video-preview":"max-video-preview:-1"},"canonical":"https:\/\/www.isablustore.com\/?product=gorro-david-para-nino-recien-nacido","og_locale":"es_ES","og_type":"article","og_title":"Gorro David para ni\u00f1o recien nacido - isablustore - Accesorios para ni\u00f1os","og_description":"Gorro para ni\u00f1os recien nacidos con dise\u00f1os unicos - isablustore - gorros - Accesorios para ni\u00f1os - beb\u00e9 ni\u00f1o - isablustore","og_url":"https:\/\/www.isablustore.com\/?product=gorro-david-para-nino-recien-nacido","og_site_name":"isablustore","article_publisher":"https:\/\/www.facebook.com\/isablustore\/","article_modified_time":"2025-01-20T20:55:32+00:00","og_image":[{"width":1080,"height":1080,"url":"https:\/\/i0.wp.com\/www.isablustore.com\/wp-content\/uploads\/2024\/06\/post-de-instagram-2024-06-17T110355.369.png?fit=1080%2C1080&ssl=1","type":"image\/png"}],"twitter_card":"summary_large_image","twitter_misc":{"Tiempo de lectura":"1 minuto"},"schema":{"@context":"https:\/\/schema.org","@graph":[{"@type":"WebPage","@id":"https:\/\/www.isablustore.com\/?product=gorro-david-para-nino-recien-nacido","url":"https:\/\/www.isablustore.com\/?product=gorro-david-para-nino-recien-nacido","name":"Gorro David para ni\u00f1o recien nacido - isablustore - Accesorios para ni\u00f1os","isPartOf":{"@id":"https:\/\/www.isablustore.com\/#website"},"primaryImageOfPage":{"@id":"https:\/\/www.isablustore.com\/?product=gorro-david-para-nino-recien-nacido#primaryimage"},"image":{"@id":"https:\/\/www.isablustore.com\/?product=gorro-david-para-nino-recien-nacido#primaryimage"},"thumbnailUrl":"https:\/\/i0.wp.com\/www.isablustore.com\/wp-content\/uploads\/2024\/06\/post-de-instagram-2024-06-17T110355.369.png?fit=1080%2C1080&ssl=1","datePublished":"2024-06-11T03:14:15+00:00","dateModified":"2025-01-20T20:55:32+00:00","description":"Gorro para ni\u00f1os recien nacidos con dise\u00f1os unicos - isablustore - gorros - Accesorios para ni\u00f1os - beb\u00e9 ni\u00f1o - isablustore","breadcrumb":{"@id":"https:\/\/www.isablustore.com\/?product=gorro-david-para-nino-recien-nacido#breadcrumb"},"inLanguage":"es-CO","potentialAction":[{"@type":"ReadAction","target":["https:\/\/www.isablustore.com\/?product=gorro-david-para-nino-recien-nacido"]}]},{"@type":"ImageObject","inLanguage":"es-CO","@id":"https:\/\/www.isablustore.com\/?product=gorro-david-para-nino-recien-nacido#primaryimage","url":"https:\/\/i0.wp.com\/www.isablustore.com\/wp-content\/uploads\/2024\/06\/post-de-instagram-2024-06-17T110355.369.png?fit=1080%2C1080&ssl=1","contentUrl":"https:\/\/i0.wp.com\/www.isablustore.com\/wp-content\/uploads\/2024\/06\/post-de-instagram-2024-06-17T110355.369.png?fit=1080%2C1080&ssl=1","width":1080,"height":1080,"caption":"Gorros"},{"@type":"BreadcrumbList","@id":"https:\/\/www.isablustore.com\/?product=gorro-david-para-nino-recien-nacido#breadcrumb","itemListElement":[{"@type":"ListItem","position":1,"name":"Inicio","item":"https:\/\/www.isablustore.com\/"},{"@type":"ListItem","position":2,"name":"Tienda","item":"https:\/\/www.isablustore.com\/?page_id=8"},{"@type":"ListItem","position":3,"name":"Gorro David para ni\u00f1o recien nacido"}]},{"@type":"WebSite","@id":"https:\/\/www.isablustore.com\/#website","url":"https:\/\/www.isablustore.com\/","name":"isablustore- accesorios para ni\u00f1as","description":"Accesorios \u00fanicos, disponibles en nuestra tienda virtual","publisher":{"@id":"https:\/\/www.isablustore.com\/#organization"},"potentialAction":[{"@type":"SearchAction","target":{"@type":"EntryPoint","urlTemplate":"https:\/\/www.isablustore.com\/?s={search_term_string}"},"query-input":{"@type":"PropertyValueSpecification","valueRequired":true,"valueName":"search_term_string"}}],"inLanguage":"es-CO"},{"@type":"Organization","@id":"https:\/\/www.isablustore.com\/#organization","name":"isablustore","url":"https:\/\/www.isablustore.com\/","logo":{"@type":"ImageObject","inLanguage":"es-CO","@id":"https:\/\/www.isablustore.com\/#\/schema\/logo\/image\/","url":"https:\/\/www.isablustore.com\/wp-content\/uploads\/2024\/06\/LOGO-1.png","contentUrl":"https:\/\/www.isablustore.com\/wp-content\/uploads\/2024\/06\/LOGO-1.png","width":1080,"height":1080,"caption":"isablustore"},"image":{"@id":"https:\/\/www.isablustore.com\/#\/schema\/logo\/image\/"},"sameAs":["https:\/\/www.facebook.com\/isablustore\/","https:\/\/www.tiktok.com\/@isablustore","https:\/\/www.instagram.com\/isablustore\/"]}]}},"featured_img":"https:\/\/www.isablustore.com\/wp-content\/uploads\/2024\/06\/post-de-instagram-2024-06-17T110355.369.png","coauthors":[],"author_meta":{"author_link":"https:\/\/www.isablustore.com\/?author=1","display_name":"isablustoreuser"},"relative_dates":{"created":"Posted 2 a\u00f1os ago","modified":"Updated 1 a\u00f1o ago"},"absolute_dates":{"created":"Posted on junio 11, 2024","modified":"Updated on enero 20, 2025"},"absolute_dates_time":{"created":"Posted on junio 11, 2024 3:14 am","modified":"Updated on enero 20, 2025 8:55 pm"},"featured_img_caption":"Gorros","tax_additional":{"product_brand":{"linked":[],"unlinked":[],"slug":"product_brand","name":"Marcas"},"product_type":{"linked":["<a href=\"https:\/\/www.isablustore.com\/?taxonomy=product_type&#038;term=simple\" class=\"advgb-post-tax-term\">simple<\/a>"],"unlinked":["<span class=\"advgb-post-tax-term\">simple<\/span>"],"slug":"product_type","name":"Tipo de producto"},"product_visibility":{"linked":[],"unlinked":[],"slug":"product_visibility","name":"Visibilidad del producto"},"product_cat":{"linked":["<a href=\"https:\/\/www.isablustore.com\/?product_cat=bebe\" class=\"advgb-post-tax-term\">Beb\u00e9<\/a>","<a href=\"https:\/\/www.isablustore.com\/?product_cat=gorros\" class=\"advgb-post-tax-term\">Gorros<\/a>","<a href=\"https:\/\/www.isablustore.com\/?product_cat=rebajas-bebe\" class=\"advgb-post-tax-term\">Rebajas Beb\u00e9<\/a>","<a href=\"https:\/\/www.isablustore.com\/?product_cat=turbantes\" class=\"advgb-post-tax-term\">Turbantes<\/a>"],"unlinked":["<span class=\"advgb-post-tax-term\">Beb\u00e9<\/span>","<span class=\"advgb-post-tax-term\">Gorros<\/span>","<span class=\"advgb-post-tax-term\">Rebajas Beb\u00e9<\/span>","<span class=\"advgb-post-tax-term\">Turbantes<\/span>"],"slug":"product_cat","name":"Categor\u00edas del producto"},"product_tag":{"linked":[],"unlinked":[],"slug":"product_tag","name":"Etiquetas del producto"},"product_shipping_class":{"linked":[],"unlinked":[],"slug":"product_shipping_class","name":"Clases de env\u00edo del producto"},"pa_aplique":{"linked":[],"unlinked":[],"slug":"pa_aplique","name":"Aplique del producto"},"pa_color":{"linked":[],"unlinked":[],"slug":"pa_color","name":"Color del producto"},"pa_estampado":{"linked":[],"unlinked":[],"slug":"pa_estampado","name":"Estampado del producto"},"pa_referencia":{"linked":[],"unlinked":[],"slug":"pa_referencia","name":"Referencia del producto"},"pa_talla":{"linked":[],"unlinked":[],"slug":"pa_talla","name":"Talla del producto"}},"series_order":"","jetpack_sharing_enabled":true,"_links":{"self":[{"href":"https:\/\/www.isablustore.com\/index.php?rest_route=\/wp\/v2\/product\/1922","targetHints":{"allow":["GET"]}}],"collection":[{"href":"https:\/\/www.isablustore.com\/index.php?rest_route=\/wp\/v2\/product"}],"about":[{"href":"https:\/\/www.isablustore.com\/index.php?rest_route=\/wp\/v2\/types\/product"}],"replies":[{"embeddable":true,"href":"https:\/\/www.isablustore.com\/index.php?rest_route=%2Fwp%2Fv2%2Fcomments&post=1922"}],"wp:featuredmedia":[{"embeddable":true,"href":"https:\/\/www.isablustore.com\/index.php?rest_route=\/wp\/v2\/media\/2687"}],"wp:attachment":[{"href":"https:\/\/www.isablustore.com\/index.php?rest_route=%2Fwp%2Fv2%2Fmedia&parent=1922"}],"wp:term":[{"taxonomy":"product_brand","embeddable":true,"href":"https:\/\/www.isablustore.com\/index.php?rest_route=%2Fwp%2Fv2%2Fproduct_brand&post=1922"},{"taxonomy":"product_cat","embeddable":true,"href":"https:\/\/www.isablustore.com\/index.php?rest_route=%2Fwp%2Fv2%2Fproduct_cat&post=1922"},{"taxonomy":"product_tag","embeddable":true,"href":"https:\/\/www.isablustore.com\/index.php?rest_route=%2Fwp%2Fv2%2Fproduct_tag&post=1922"}],"curies":[{"name":"wp","href":"https:\/\/api.w.org\/{rel}","templated":true}]}}